151
What are the prime factors of 1006143?
3, 335381
What are the prime factors of 10166049?
3, 1129561
What are the prime factors of 306974?
2, 153487
List the prime factors of 2008799.
13, 154523
List the prime factors of 12051495.
3, 5, 267811
What are the prime factors of 4467660?
2, 3, 5, 19, 3919
List the prime factors of 2714889.
3, 173, 5231
What are the prime factors of 498631?
7, 71233
What are the prime factors of 559195?
5, 7, 13, 1229
List the prime factors of 4346441.
11, 17, 2113
What are the prime factors of 2002753?
17, 117809
List the prime factors of 957188.
2, 239297
What are the prime factors of 285192?
2, 3, 17, 233
What are the prime factors of 2557355?
5, 59, 8669
What are the prime factors of 698295?
3, 5, 13, 3581
List the prime factors of 585546.
2, 3, 13, 7507
What are the prime factors of 3056615?
5, 611323
List the prime factors of 3263963.
431, 7573
What are the prime factors of 11256287?
7, 1608041
List the prime factors of 541349.
541349
List the prime factors of 8916467.
7, 1273781
List the prime factors of 13059028.
2, 251, 13007
List the prime factors of 238560.
2, 3, 5, 7, 71
List the prime factors of 384855.
3, 5, 25657
List the prime factors of 420191.
420191
List the prime factors of 8815315.
5, 31, 56873
What are the prime factors of 1205086?
2, 602543
What are the prime factors of 201826?
2, 100913
List the prime factors of 1453120.
2, 5, 19, 239
List the prime factors of 175407.
3, 59, 991
List the prime factors of 9563127.
3, 7, 29, 41, 383
What are the prime factors of 947795?
5, 189559
What are the prime factors of 591583?
17, 23, 89
What are the prime factors of 12757184?
2, 11, 18121
What are the prime factors of 20294?
2, 73, 139
What are the prime factors of 1791798?
2, 3, 523, 571
List the prime factors of 510448.
2, 61, 523
What are the prime factors of 448420?
2, 5, 7, 3203
List the prime factors of 846799.
43, 47, 419
List the prime factors of 253446.
2, 3, 53, 797
What are the prime factors of 229588?
2, 57397
List the prime factors of 2794677.
3, 857, 1087
What are the prime factors of 1756177?
1756177
List the prime factors of 247290.
2, 3, 5, 8243
What are the prime factors of 3281302?
2, 523, 3137
List the prime factors of 2898637.
7, 29, 109, 131
What are the prime factors of 385261?
385261
What are the prime factors of 385619?
13, 29663
List the prime factors of 30789099.
3, 11, 83, 1249
What are the prime factors of 29893933?
3539, 8447
What are the prime factors of 674109?
3, 24967
What are the prime factors of 2921758?
2, 7, 208697
What are the prime factors of 3076616?
2, 384577
List the prime factors of 1038205.
5, 7, 29663
List the prime factors of 154138.
2, 77069
List the prime factors of 549701.
549701
List the prime factors of 302618.
2, 83, 1823
List the prime factors of 264009.
3, 88003
What are the prime factors of 165190?
2, 5, 16519
List the prime factors of 57657.
3, 19219
What are the prime factors of 1259537?
1259537
What are the prime factors of 6250555?
5, 53, 103, 229
What are the prime factors of 17006960?
2, 5, 212587
List the prime factors of 1753143.
3, 7, 31, 2693
List the prime factors of 460605.
3, 5, 30707
What are the prime factors of 24820166?
2, 7, 97, 373
List the prime factors of 79352.
2, 7, 13, 109
What are the prime factors of 27889164?
2, 3, 258233
What are the prime factors of 225061?
225061
What are the prime factors of 608266?
2, 19, 16007
What are the prime factors of 3044597?
3044597
What are the prime factors of 134756?
2, 59, 571
What are the prime factors of 6129555?
3, 5, 408637
List the prime factors of 377882.
2, 188941
What are the prime factors of 1542730?
2, 5, 7, 22039
What are the prime factors of 341767?
67, 5101
What are the prime factors of 129330?
2, 3, 5, 479
What are the prime factors of 1666570?
2, 5, 166657
List the prime factors of 2963246.
2, 11, 13, 797
List the prime factors of 207603.
3, 11, 233
List the prime factors of 4352982.
2, 3, 157, 4621
What are the prime factors of 11373182?
2, 5686591
List the prime factors of 135811.
13, 31, 337
What are the prime factors of 39967393?
19, 5827
What are the prime factors of 10757765?
5, 59, 36467
What are the prime factors of 8436231?
3, 149, 233
List the prime factors of 3572125.
5, 17, 41
What are the prime factors of 38689?
7, 5527
What are the prime factors of 272240?
2, 5, 41, 83
What are the prime factors of 365272?
2, 45659
List the prime factors of 4133735.
5, 19, 53, 821
What are the prime factors of 649558?
2, 7, 13, 43, 83
List the prime factors of 15706035.
3, 5, 116341
What are the prime factors of 8340804?
2, 3, 443, 523
What are the prime factors of 68222?
2, 7, 11, 443
What are the prime factors of 104031?
3, 3853
List the prime factors of 124050.
2, 3, 5, 827
What are the prime factors of 102770?
2, 5, 43, 239
What are the prime factors of 208174?
2, 104087
List the prime factors of 1261384.
2, 29, 5437
What are the prime factors of 275336?
2, 127, 271
What are the prime factors of 1394390?
2, 5, 139439
What are the prime factors of 15136839?
3, 1681871
What are the prime factors of 16445814?
2, 3, 7, 11, 35597
What are the prime factors of 3512843?
857, 4099
What are the prime factors of 2061972?
2, 3, 11, 41, 127
What are the prime factors of 246260?
2, 5, 7, 1759
What are the prime factors of 6386456?
2, 23, 61, 569
List the prime factors of 3920863.
17, 13567
What are the prime factors of 232555?
5, 46511
List the prime factors of 191108.
2, 47777
What are the prime factors of 507640?
2, 5, 7, 37
What are the prime factors of 814644?
2, 3, 19, 397
What are the prime factors of 152926?
2, 76463
List the prime factors of 29425841.
37, 79, 10067
List the prime factors of 28237374.
2, 3, 11, 17, 8389
What are the prime factors of 947679?
3, 315893
List the prime factors of 200532.
2, 3, 17, 983
List the prime factors of 1519397.
11, 29, 433
List the prime factors of 8522764.
2, 107, 19913
What are the prime factors of 461686?
2, 17, 37, 367
List the prime factors of 1194804.
2, 3, 13, 23, 37
List the prime factors of 136292.
2, 13, 2621
What are the prime factors of 3108236?
2, 89, 8731
What are the prime factors of 2221121?
7, 45329
List the prime factors of 9061938.
2, 3, 503441
What are the prime factors of 846753?
3, 17, 16603
List the prime factors of 487202.
2, 47, 71, 73
What are the prime factors of 2149855?
5, 429971
What are the prime factors of 132174?
2, 3, 7, 1049
List the prime factors of 2131746.
2, 3, 31, 73, 157
List the prime factors of 65787.
3, 21929
List the prime factors of 6122753.
7, 13, 61, 1103
List the prime factors of 689085.
3, 5, 15313
What are the prime factors of 17899?
7, 2557
List the prime factors of 4199139.
3, 7, 66653
What are the prime factors of 169139?
79, 2141
What are the prime factors of 49047?
3, 16349
What are the prime factors of 10486708?
2, 19, 137983
What are the prime factors of 315753?
3, 105251
What are the prime factors of 935201?
935201
What are the prime factors of 3113769?
3, 941, 1103
What are the prime factors of 6694888?
2, 836861
What are the prime factors of 175611?
3, 58537
What are the prime factors of 2367?
3, 263
List the prime factors of 1309589.
1309589
List the prime factors of 1517337.
3, 53, 3181
What are the prime factors of 12578082?
2, 3, 11, 190577
What are the prime factors of 690400?
2, 5, 863
What are the prime factors of 2642344?
2, 17, 19429
List the prime factors of 535122.
2, 3, 7, 31, 137
What are the prime factors of 1096434?
2, 3, 60913
What are the prime factors of 10063126?
2, 5031563
What are the prime factors of 15789082?
2, 2281, 3461
What are the prime factors of 139344?
2, 3, 2903
What are the prime factors of 4472697?
3, 1490899
What are the prime factors of 2082626?
2, 7, 13, 11443
List the prime factors of 22022322.
2, 3, 7, 524341
What are the prime factors of 58411?
58411
List the prime factors of 230217.
3, 13, 5903
List the prime factors of 14280.
2, 3, 5, 7, 17
What are the prime factors of 97185?
3, 5, 11, 19, 31
List the prime factors of 247503.
3, 17, 23, 211
What are the prime factors of 2972757?
3, 109, 9091
What are the prime factors of 11202595?
5, 79, 359
What are the prime factors of 631176?
2, 3, 7, 13, 17
List the prime factors of 1319512.
2, 